{"id":17397,"date":"2024-09-12T09:21:21","date_gmt":"2024-09-12T09:21:21","guid":{"rendered":"https:\/\/tennisclubsaintpriest.fr\/tcsp2\/?page_id=17397"},"modified":"2024-09-12T09:21:25","modified_gmt":"2024-09-12T09:21:25","slug":"grand-prix-de-tennis-2025","status":"publish","type":"page","link":"https:\/\/tennisclubsaintpriest.fr\/tcsp2\/grand-prix-de-tennis-2025\/","title":{"rendered":"Grand Prix de Tennis 2025"},"content":{"rendered":"\n<p>Le Grand Prix de tennis 2025 \u00e0 d\u00e9marr\u00e9 sur les chapeaux de roues!<\/p>\n\n\n\n<p>Du 02\/09\/2024 au dimanche 06\/10\/2024 (finales)<\/p>\n\n\n\n<p><\/p>\n\n\n\n<p>Voici le pr\u00e9visionnel d&rsquo;entr\u00e9e en lice en fonction des cat\u00e9gories et classements :<\/p>\n\n\n\n<figure class=\"wp-block-image size-large\"><img decoding=\"async\" width=\"1024\" height=\"219\" src=\"https:\/\/tennisclubsaintpriest.fr\/tcsp2\/wp-content\/uploads\/2024\/09\/PREVISIONNEL-DENTREEjpg-1024x219.jpg\" alt=\"\" class=\"wp-image-17398\" srcset=\"https:\/\/tennisclubsaintpriest.fr\/tcsp2\/wp-content\/uploads\/2024\/09\/PREVISIONNEL-DENTREEjpg-1024x219.jpg 1024w, https:\/\/tennisclubsaintpriest.fr\/tcsp2\/wp-content\/uploads\/2024\/09\/PREVISIONNEL-DENTREEjpg-300x64.jpg 300w, https:\/\/tennisclubsaintpriest.fr\/tcsp2\/wp-content\/uploads\/2024\/09\/PREVISIONNEL-DENTREEjpg-768x164.jpg 768w, https:\/\/tennisclubsaintpriest.fr\/tcsp2\/wp-content\/uploads\/2024\/09\/PREVISIONNEL-DENTREEjpg-1140x244.jpg 1140w, https:\/\/tennisclubsaintpriest.fr\/tcsp2\/wp-content\/uploads\/2024\/09\/PREVISIONNEL-DENTREEjpg.jpg 1142w\" sizes=\"(max-width: 1024px) 100vw, 1024px\" \/><\/figure>\n\n\n\n<p><\/p>\n","protected":false},"excerpt":{"rendered":"<p>Le Grand Prix de tennis 2025 \u00e0 d\u00e9marr\u00e9 sur les chapeaux de roues! Du 02\/09\/2024 au dimanche 06\/10\/2024 (finales) Voici le pr\u00e9visionnel d&rsquo;entr\u00e9e en lice en fonction des cat\u00e9gories et classements :<\/p>\n","protected":false},"author":1,"featured_media":0,"parent":0,"menu_order":0,"comment_status":"closed","ping_status":"closed","template":"","meta":{"_themeisle_gutenberg_block_has_review":false,"footnotes":""},"class_list":["post-17397","page","type-page","status-publish","hentry"],"_links":{"self":[{"href":"https:\/\/tennisclubsaintpriest.fr\/tcsp2\/wp-json\/wp\/v2\/pages\/17397","targetHints":{"allow":["GET"]}}],"collection":[{"href":"https:\/\/tennisclubsaintpriest.fr\/tcsp2\/wp-json\/wp\/v2\/pages"}],"about":[{"href":"https:\/\/tennisclubsaintpriest.fr\/tcsp2\/wp-json\/wp\/v2\/types\/page"}],"author":[{"embeddable":true,"href":"https:\/\/tennisclubsaintpriest.fr\/tcsp2\/wp-json\/wp\/v2\/users\/1"}],"replies":[{"embeddable":true,"href":"https:\/\/tennisclubsaintpriest.fr\/tcsp2\/wp-json\/wp\/v2\/comments?post=17397"}],"version-history":[{"count":1,"href":"https:\/\/tennisclubsaintpriest.fr\/tcsp2\/wp-json\/wp\/v2\/pages\/17397\/revisions"}],"predecessor-version":[{"id":17399,"href":"https:\/\/tennisclubsaintpriest.fr\/tcsp2\/wp-json\/wp\/v2\/pages\/17397\/revisions\/17399"}],"wp:attachment":[{"href":"https:\/\/tennisclubsaintpriest.fr\/tcsp2\/wp-json\/wp\/v2\/media?parent=17397"}],"curies":[{"name":"wp","href":"https:\/\/api.w.org\/{rel}","templated":true}]}}