{"id":99,"date":"2022-11-10T09:27:48","date_gmt":"2022-11-10T09:27:48","guid":{"rendered":"https:\/\/tennisclubsaintpriest.fr\/tcsp2\/?page_id=99"},"modified":"2024-07-07T23:47:20","modified_gmt":"2024-07-07T23:47:20","slug":"tarifs","status":"publish","type":"page","link":"https:\/\/tennisclubsaintpriest.fr\/tcsp2\/tarifs\/","title":{"rendered":"Tarifs 2024 \/ 2025"},"content":{"rendered":"\n<h2 class=\"wp-block-heading has-text-align-center\">Cours collectifs adultes<\/h2>\n\n\n\n<p><strong>Pour jouer toute l&rsquo;ann\u00e9e et pouvoir s&rsquo;inscrire \u00e0 des tournois : Cotisation + Licence<\/strong> + <strong>Le\u00e7ons<\/strong><\/p>\n\n\n\n<p>La formule permet l&rsquo;acc\u00e8s pour une saison\u00a0au club du 1 septembre au 31 aout. Elle comprend la licence qui permet de s\u2019inscrire aux tournois homologu\u00e9s et d\u2019acqu\u00e9rir un classement en fonction de ces r\u00e9sultats.<br>La formule permet aussi de pouvoir r\u00e9server des courts en int\u00e9rieur ou ext\u00e9rieur via internet, par Tenu&rsquo;up, par t\u00e9l\u00e9phone ou directement aupr\u00e8s de nos permanentes.<\/p>\n\n\n\n<p>Enfin, vous b\u00e9n\u00e9ficierez \u00e9galement de cours collectifs avec nos coachs certifi\u00e9s.<\/p>\n\n\n\n<figure class=\"wp-block-image size-large is-resized\"><img decoding=\"async\" width=\"1024\" height=\"184\" src=\"https:\/\/tennisclubsaintpriest.fr\/tcsp2\/wp-content\/uploads\/2024\/07\/tarifs_2024_1-1-1024x184.jpg\" alt=\"\" class=\"wp-image-17377\" style=\"width:840px;height:auto\" srcset=\"https:\/\/tennisclubsaintpriest.fr\/tcsp2\/wp-content\/uploads\/2024\/07\/tarifs_2024_1-1-1024x184.jpg 1024w, https:\/\/tennisclubsaintpriest.fr\/tcsp2\/wp-content\/uploads\/2024\/07\/tarifs_2024_1-1-300x54.jpg 300w, https:\/\/tennisclubsaintpriest.fr\/tcsp2\/wp-content\/uploads\/2024\/07\/tarifs_2024_1-1-768x138.jpg 768w, https:\/\/tennisclubsaintpriest.fr\/tcsp2\/wp-content\/uploads\/2024\/07\/tarifs_2024_1-1.jpg 1132w\" sizes=\"(max-width: 1024px) 100vw, 1024px\" \/><\/figure>\n\n\n\n<p class=\"has-text-align-center\"><strong>TARIF PRORATA TENNIS<\/strong><\/p>\n\n\n\n<ul class=\"wp-block-list\">\n<li>Un tarif pour une inscription de janvier \u00e0 avril : 200 euros<\/li>\n\n\n\n<li>Un tarif pour une inscription de mai \u00e0 ao\u00fbt : 145 euros<\/li>\n<\/ul>\n\n\n\n<p><strong>PAS DE PRORATA POUR LE PADEL<\/strong><\/p>\n\n\n\n<h2 class=\"wp-block-heading has-text-align-center\">Ecole de Tennis \/ Padel<\/h2>\n\n\n\n<figure class=\"wp-block-image size-full\"><img decoding=\"async\" width=\"838\" height=\"352\" src=\"https:\/\/tennisclubsaintpriest.fr\/tcsp2\/wp-content\/uploads\/2024\/07\/tarifs_2024_2.jpg\" alt=\"\" class=\"wp-image-17378\" srcset=\"https:\/\/tennisclubsaintpriest.fr\/tcsp2\/wp-content\/uploads\/2024\/07\/tarifs_2024_2.jpg 838w, https:\/\/tennisclubsaintpriest.fr\/tcsp2\/wp-content\/uploads\/2024\/07\/tarifs_2024_2-300x126.jpg 300w, https:\/\/tennisclubsaintpriest.fr\/tcsp2\/wp-content\/uploads\/2024\/07\/tarifs_2024_2-768x323.jpg 768w\" sizes=\"(max-width: 838px) 100vw, 838px\" \/><\/figure>\n\n\n\n<h2 class=\"wp-block-heading has-text-align-center\">Cotisations adultes<\/h2>\n\n\n<div class=\"wp-block-image is-resized\">\n<figure class=\"aligncenter size-full\"><img decoding=\"async\" width=\"624\" height=\"204\" src=\"https:\/\/tennisclubsaintpriest.fr\/tcsp2\/wp-content\/uploads\/2024\/07\/tarifs_2024_3.jpg\" alt=\"\" class=\"wp-image-17379\" srcset=\"https:\/\/tennisclubsaintpriest.fr\/tcsp2\/wp-content\/uploads\/2024\/07\/tarifs_2024_3.jpg 624w, https:\/\/tennisclubsaintpriest.fr\/tcsp2\/wp-content\/uploads\/2024\/07\/tarifs_2024_3-300x98.jpg 300w\" sizes=\"(max-width: 624px) 100vw, 624px\" \/><\/figure>\n<\/div>\n\n\n<p>** S&rsquo;engager \u00e0 faire au moins 4 rencontres sur les 5 pr\u00e9vus lors du championnat par \u00e9quipes, inscription obligatoire d\u00e8s septembre, <strong>classement mini 15\/3<\/strong>.<\/p>\n\n\n\n<p>R\u00e9duction famille: 3\u00e8me personne de la m\u00eame famille = -30% sur la base plus basse cotisation.<\/p>\n\n\n\n<p>Equipe 1 hommes \/ dames : Ne r\u00e8gle que la licence.<\/p>\n\n\n\n<p>Les joueurs et joueuses class\u00e9s \u00e0 partir de 4\/6 non \u00e9quipe 1, b\u00e9n\u00e9ficient d&rsquo;une r\u00e9duction de 30% sur la cotisation moins la licence.<\/p>\n\n\n\n<h2 class=\"wp-block-heading has-text-align-center\">Licence seule<\/h2>\n\n\n\n<figure class=\"wp-block-image size-full is-resized\"><img decoding=\"async\" width=\"625\" height=\"178\" src=\"https:\/\/tennisclubsaintpriest.fr\/tcsp2\/wp-content\/uploads\/2024\/07\/tarifs_2024_4.jpg\" alt=\"\" class=\"wp-image-17380\" srcset=\"https:\/\/tennisclubsaintpriest.fr\/tcsp2\/wp-content\/uploads\/2024\/07\/tarifs_2024_4.jpg 625w, https:\/\/tennisclubsaintpriest.fr\/tcsp2\/wp-content\/uploads\/2024\/07\/tarifs_2024_4-300x85.jpg 300w\" sizes=\"(max-width: 625px) 100vw, 625px\" \/><\/figure>\n\n\n\n<h2 class=\"wp-block-heading has-text-align-center\">Cours individuels<\/h2>\n\n\n\n<p>Contacter les moniteurs directement.<\/p>\n\n\n\n<p><em>Pour toutes demandes de renseignements sur nos tarifs ou pour en savoir plus sur nos offres, n&rsquo;h\u00e9sitez pas \u00e0 nous contacter directement par t\u00e9l\u00e9phone.<\/em><\/p>\n","protected":false},"excerpt":{"rendered":"<p>Cours collectifs adultes Pour jouer toute l&rsquo;ann\u00e9e et pouvoir s&rsquo;inscrire \u00e0 des tournois : Cotisation + Licence + Le\u00e7ons La formule permet l&rsquo;acc\u00e8s pour une saison\u00a0au club du 1 septembre au 31 aout. Elle comprend la licence qui permet de s\u2019inscrire aux tournois homologu\u00e9s et d\u2019acqu\u00e9rir un classement en fonction de ces r\u00e9sultats.La formule permet aussi de pouvoir r\u00e9server des courts en int\u00e9rieur ou ext\u00e9rieur via internet, par Tenu&rsquo;up, par t\u00e9l\u00e9phone ou directement aupr\u00e8s de nos permanentes. Enfin, vous b\u00e9n\u00e9ficierez \u00e9galement de cours collectifs avec nos coachs certifi\u00e9s. TARIF PRORATA TENNIS PAS DE PRORATA POUR LE PADEL Ecole de Tennis \/ Padel Cotisations adultes ** S&rsquo;engager \u00e0 faire au moins 4 rencontres sur les 5 pr\u00e9vus lors du championnat par \u00e9quipes, inscription obligatoire d\u00e8s septembre, classement mini 15\/3. R\u00e9duction famille: 3\u00e8me personne de la m\u00eame famille = -30% sur la base plus basse cotisation. Equipe 1 hommes \/ dames : Ne r\u00e8gle que la licence. Les joueurs et joueuses class\u00e9s \u00e0 partir de 4\/6 non \u00e9quipe 1, b\u00e9n\u00e9ficient d&rsquo;une r\u00e9duction de 30% sur la cotisation moins la licence. Licence seule Cours individuels Contacter les moniteurs directement. Pour toutes demandes de renseignements sur nos tarifs ou pour en savoir plus sur nos offres, n&rsquo;h\u00e9sitez pas \u00e0 nous contacter directement par t\u00e9l\u00e9phone.<\/p>\n","protected":false},"author":1,"featured_media":0,"parent":0,"menu_order":0,"comment_status":"closed","ping_status":"closed","template":"","meta":{"_themeisle_gutenberg_block_has_review":false,"footnotes":""},"class_list":["post-99","page","type-page","status-publish","hentry"],"_links":{"self":[{"href":"https:\/\/tennisclubsaintpriest.fr\/tcsp2\/wp-json\/wp\/v2\/pages\/99","targetHints":{"allow":["GET"]}}],"collection":[{"href":"https:\/\/tennisclubsaintpriest.fr\/tcsp2\/wp-json\/wp\/v2\/pages"}],"about":[{"href":"https:\/\/tennisclubsaintpriest.fr\/tcsp2\/wp-json\/wp\/v2\/types\/page"}],"author":[{"embeddable":true,"href":"https:\/\/tennisclubsaintpriest.fr\/tcsp2\/wp-json\/wp\/v2\/users\/1"}],"replies":[{"embeddable":true,"href":"https:\/\/tennisclubsaintpriest.fr\/tcsp2\/wp-json\/wp\/v2\/comments?post=99"}],"version-history":[{"count":17,"href":"https:\/\/tennisclubsaintpriest.fr\/tcsp2\/wp-json\/wp\/v2\/pages\/99\/revisions"}],"predecessor-version":[{"id":17381,"href":"https:\/\/tennisclubsaintpriest.fr\/tcsp2\/wp-json\/wp\/v2\/pages\/99\/revisions\/17381"}],"wp:attachment":[{"href":"https:\/\/tennisclubsaintpriest.fr\/tcsp2\/wp-json\/wp\/v2\/media?parent=99"}],"curies":[{"name":"wp","href":"https:\/\/api.w.org\/{rel}","templated":true}]}}